k = -m + 243, -r*m + m + 2*k + 1227 = 0. What are the prime factors of m?
13, 19
Suppose -14*f = -19*f - 40. Let q(g) = g**2 - g + 12. What are the prime factors of q(f)?
2, 3, 7
Let y = -1093 - -1682. What are the prime factors of y?
19, 31
What are the prime factors of (-6516)/(-6) - (8 + -4)?
2, 541
Let t be 6 + (6/3)/(-1). Let h = -3 + 5. Suppose -k = k + t*a - 26, 3*k = h*a + 79. List the prime factors of k.
23
Let k(b) = 2*b**2 - 6*b. Let y be k(4). Let t(d) = -d - 12. Let q be t(-8). List the prime factors of (-5 - q)/((-2)/y).
2
Let x = -53 + 19. Let l = x + 16. Let f = l + 36. What are the prime factors of f?
2, 3
List the prime factors of (1001 - -4)/(-5 + 6).
3, 5, 67
Suppose 0*d + f - 28 = -5*d, 0 = 2*d + 4*f - 22. Suppose 3*s = -d*a + 46, a - 3*s + 14 = 2*a. List the prime factors of (-3)/(-2) - (-412)/a.
53
Suppose -5*b - 4*c = -0*b + 4, 0 = -3*b - 2*c - 2. Let w(z) = -z + 94. List the prime factors of w(b).
2, 47
Suppose -5*r + 4*d - 5*d = -17097, 3*r = d + 10255. What are the prime factors of r?
13, 263
Let g(v) = 60*v - 49. List the prime factors of g(4).
191
Let g(m) = 12*m**2 + 10*m + 2. Let l be g(-4). Let y = -52 + l. List the prime factors of y.
2, 3, 17
Let v be 6/9 + 16/3. Suppose v*x - 383 = -89. List the prime factors of x.
7
Let x(o) = -3*o**3 + o**2 + 2*o + 10. Let k be x(-3). Let z = k - 57. List the prime factors of z.
37
Suppose 3*s + 6 = 2*a, 0*a - 3*s = 2*a - 6. Let t = 11 - 10. Let k = a - t. What are the prime factors of k?
2
Let d = -3 + -8. Let i = d - -67. List the prime factors of i.
2, 7
Suppose 17*n + 40 = 7*n. What are the prime factors of (-226)/n - ((-4)/8)/(-1)?
2, 7
Let l(g) be the second derivative of -g**5/20 + g**4/3 + 2*g**3/3 - g**2/2 - 9*g. Let s be l(5). List the prime factors of (-280)/(-6) - s/(-9).
2, 23
Let r = 51 - 81. Let k = r - -151. What are the prime factors of k?
11
Let z(y) = -y**3 - 10*y**2 - 2*y + 7. Let d be z(-11). List the prime factors of 21920/d - 2/15.
2, 73
Let q be (9/6)/(6/(-32)). What are the prime factors of (465/(-6) + 4)*q/6?
2, 7
What are the prime factors of (121*-5)/(13 + -15 - -1)?
5, 11
Let t(a) = a**2 + a - 6. Let h be t(4). Let i = 14 - h. Suppose -n = -5*z - 29, 4*n + i*z - 78 = z. List the prime factors of n.
19
Let o(j) = 2*j**2 + 14*j - 15. Let x be o(10). Suppose 492 = 4*w - n, 2*n + 163 + x = 4*w. List the prime factors of w.
2, 31
List the prime factors of (2545 - (1 - 0)) + 10/(-10).
2543
Let l(x) be the second derivative of -5*x**3/3 + 130*x**2 + 18*x + 3. What are the prime factors of l(0)?
2, 5, 13
List the prime factors of 79024/30 + 11 + (-4008)/360.
2, 3, 439
Let i be 532 + 1 + 18/18. Let h = -381 + i. List the prime factors of h.
3, 17
Let r(b) = -89*b**3 - 11*b**2 - 3*b + 3. List the prime factors of r(-2).
677
Let a be (-24)/(-6) + -1*4. Suppose -5*b + 2*f + 305 = a, 5*f = b - 28 - 10. List the prime factors of b.
3, 7
Suppose -4*d + 5*l - 29 = 0, 0*l - 8 = 3*d - l. Suppose -4*z + 45 = 17. List the prime factors of ((-48)/28)/(d/z).
2, 3
Let h be (-3)/(-9) + (2 - 4110/(-9)). Suppose -5*g = 3*z - 383, 4*z + h = 5*g + 83. List the prime factors of g.
2, 19
Let o(f) = f + 7. Let s be o(-4). What are the prime factors of 1386/(-44)*(-2)/s*1?
3, 7
Suppose h = 1 + 7. Suppose y + y = h. Suppose -2*k + 2*c = -38, -2*c = y*k - 5*c - 71. What are the prime factors of k?
2, 7
What are the prime factors of 8582/28 - (1 + 14/(-4))?
3, 103
Suppose 24*d - 171 = 21*d. What are the prime factors of d?
3, 19
Suppose 0 = -4*y - 3*o + 5381, -4*o + 1237 + 1461 = 2*y. What are the prime factors of y?
17, 79
Suppose -25 = x - 3*q - 226, -2*x = 2*q - 370. List the prime factors of x.
3, 7
Suppose 5*f + 4*r - 3 = 0, -2*r + r = f. Suppose 3*k - f*b - 108 = 0, -4*k + 20 + 125 = -5*b. List the prime factors of k.
5, 7
Let o(l) = -34*l + 1. Let w be o(-3). Let x = w + -44. What are the prime factors of x?
59
Let q be 1 + ((-8)/(-1))/2. Suppose 5*x = q*o - 135, -77 = -3*o - 2*x - 6. Suppose -2*g + 25 = -o. What are the prime factors of g?
5
Let j be 5*(-66)/6*8/5. Let u = 184 + j. What are the prime factors of u?
2, 3
Suppose 4*n = -115 + 35. Let c = n - -55. List the prime factors of 5/(-2)*(-406)/c.
29
Let a(g) be the second derivative of 8*g**3/3 - 8*g**2 + 27*g. What are the prime factors of a(6)?
2, 5
Suppose -3*k = -0*k - 153. Suppose -20*b - 57 = 103. What are the prime factors of b/(-12)*k/2?
17
Suppose -17*i + 132 = -15*i. Let l = 143 - i. List the prime factors of l.
7, 11
Let j = -63 - -73. What are the prime factors of (-4 + 190)*(2 - j/6)?
2, 31
Let f be (-2)/(-10) + (-1734)/170. Let s be -25*1 + -1 + 2. Let h = f - s. What are the prime factors of h?
2, 7
Let o be (-2 - -2)*(-1)/(-4). Suppose -3*x + 6*x = o. Suppose 3*n + 0*n = -b + 148, x = 3*n + 3*b - 144. List the prime factors of n.
2, 5
Let n = 412 + -321. List the prime factors of n.
7, 13
Let q be 1*(-4 - 53) - 4. Let r = q - -118. List the prime factors of r.
3, 19
Suppose 4 = -2*b - 4*v, -5*b - 3*v - 5 = -4*b. Suppose 291 = b*u + 3*a, -3*u + 222 = -0*u + a. List the prime factors of u.
3, 5
Suppose -57 = 26*a - 447. Let u = 10 - 4. Let q = a - u. List the prime factors of q.
3
Suppose -4*m - 4*h = -464, 13 = -m + 4*h + 129. Suppose -3*g + 154 = -m. List the prime factors of g.
2, 3, 5
Let q(d) = 3*d - 4. Let z(x) = -5*x - 3*x - 4*x + 2. Let s be z(-1). What are the prime factors of q(s)?
2, 19
Suppose 4*x - q + 1 = 3*x, 0 = -4*x - 3*q + 31. What are the prime factors of 36 - (-16)/x - 3?
37
Let j be -3 + -16*(2 + -4). Suppose 39 = 4*i - j. Let k = i - -18. What are the prime factors of k?
5, 7
Let o(n) = -n**3 + 10*n**2 - 13*n - 13. List the prime factors of o(5).
47
Let l be (-1775)/(-15) - (-4)/(-12). Suppose -4*n = -2*n - l. List the prime factors of n.
59
Let x(o) = 25*o**3 + o**2 - o - 3. Let f be (4/14*-1)/(4/(-28)). What are the prime factors of x(f)?
199
Let n = 162 - 129. List the prime factors of (n/9)/(9/135).
5, 11
Let c be 132/10*10/4. Let f = c - -12. What are the prime factors of f?
3, 5
Suppose 5*n = 5*o - 4135, -4*o + 2*o + 1629 = 3*n. List the prime factors of o.
2, 3, 137
Let c = 24 - 26. Let g be (-5 - 1)*c/3. Suppose 4*b = -5*t + 250, 0*t - g*b - 118 = -3*t. List the prime factors of t.
2, 23
Suppose 4*k - 4 = 2*k. Let a(l) = -16*l + 3. Let g be a(k). Let s = g + 48. List the prime factors of s.
19
Let o(s) = s**3 + 11*s**2 - 11*s + 12. Suppose 2*t + 6 = -i, 6*t = -4*i + 3*t - 39. Let g be o(i). Suppose g = 3*d - 5 - 4. List the prime factors of d.
3
Let y(m) = -m - 1. Let a be y(6). Let h(c) = -16*c + 6. Let v be h(a). Suppose -v = -4*k + 2*j, -17 = -3*k + 2*j + 69. List the prime factors of k.
2
What are the prime factors of (5979/2 - -7) + (-3)/(-6)?
3, 37
Let v = 12 + -21. List the prime factors of ((-48)/v)/(10/75).
2, 5
Let b(h) = h**2 - 8*h + 18. Let l be b(4). Suppose 342 = 3*v - l*x + 5*x, x - 228 = -2*v. List the prime factors of v.
2, 3, 19
Let p = -6423 + 9010. List the prime factors of p.
13, 199
Let a = 0 + 4. Let g be 3/6 - (-34)/a. List the prime factors of (-24)/9*g/(-12).
2
Let n(o) = -8*o + 61. Let k be n(7). Suppose k*y - 12*y = -70. List the prime factors of y.
2, 5
Let q = 950 - 772. What are the prime factors of q?
2, 89
Suppose -5*x + 3*x - 272 = -2*o, 0 = 5*o - 4*x - 685. What are the prime factors of o?
3, 47
Suppose 7*c = 6700 + 475. List the prime factors of c.
5, 41
List the prime factors of ((-45522)/(-45))/(1 - 6/10).
3, 281
What are the prime factors of 17/34 + 3274/4?
3, 7, 13
Let y be (-1098)/(-8) + (-6)/(-8). Suppose 0 = -3*z - l + 227, 2*z + 0*z + 4*l - y = 0. List the prime factors of z.
7, 11
Suppose -4*x + 4792 = -4*o, 0 = -x + 3*o - 5*o + 1186. List the prime factors of (-1)/(x/598 - 2).
13, 23
Suppose 0 = 6*z - z. Suppose 2*c + 3*n + 11 - 3 = z, -18 = -3*c + 3*n. What are the prime factors of ((-36)/(-45))/(c/70)?
2, 7
Suppose 2*i + 6 = 26. Let d = i - 5. Suppose -2*r + 2*u = -38, d*u + 2 = -3. List the prime factors of r.
2, 3
Suppose 4*y + y - 200 = 0. Suppose -3*n + q - 3*q = -155, -n - 3*q = -y. List the prime factors of n.
5, 11
Let o(t) = t**3 + 9*t**2 + 3*t + 3. Let p be o(-7). Let d = p + -20. List the prime factors of d.
2, 3, 5
List the prime factors of 42*(-20)/(-8) - -6.
3, 37
Let t be ((-7)/21)/(2/(-6)). Let r be (-3)/1